{"id":93,"date":"2022-05-30T09:40:17","date_gmt":"2022-05-30T07:40:17","guid":{"rendered":"https:\/\/ecosite-villarceaux.org\/?page_id=93"},"modified":"2023-06-20T11:39:38","modified_gmt":"2023-06-20T09:39:38","slug":"chambres-hotelieres","status":"publish","type":"page","link":"https:\/\/ecosite-villarceaux.org\/index.php\/chambres-hotelieres\/","title":{"rendered":"Le Prieur\u00e9 | 20 chambres h\u00f4teli\u00e8res"},"content":{"rendered":"\n<figure class=\"wp-block-image size-large\"><img loading=\"lazy\" decoding=\"async\" width=\"1024\" height=\"771\" src=\"https:\/\/ecosite-villarceaux.org\/wp-content\/uploads\/2022\/06\/IMG_20220601_104702-1024x771.jpg\" alt=\"\" class=\"wp-image-235\" srcset=\"https:\/\/ecosite-villarceaux.org\/wp-content\/uploads\/2022\/06\/IMG_20220601_104702-1024x771.jpg 1024w, https:\/\/ecosite-villarceaux.org\/wp-content\/uploads\/2022\/06\/IMG_20220601_104702-300x226.jpg 300w, https:\/\/ecosite-villarceaux.org\/wp-content\/uploads\/2022\/06\/IMG_20220601_104702-768x578.jpg 768w, https:\/\/ecosite-villarceaux.org\/wp-content\/uploads\/2022\/06\/IMG_20220601_104702-1536x1157.jpg 1536w, https:\/\/ecosite-villarceaux.org\/wp-content\/uploads\/2022\/06\/IMG_20220601_104702-2048x1542.jpg 2048w\" sizes=\"auto, (max-width: 1024px) 100vw, 1024px\" \/><figcaption class=\"wp-element-caption\">Le Prieur\u00e9<\/figcaption><\/figure>\n\n\n\n<p><strong>Le g\u00eete Le Prieur\u00e9 est un g\u00eete aux normes h\u00f4teli\u00e8res. Dernier n\u00e9 de nos h\u00e9bergements, il r\u00e9pond aux exigences les plus actuelles de l&rsquo;\u00e9co-r\u00e9habilitation et offre un confort parfait pour un s\u00e9jour \u00e0 l&rsquo;Ecosite.<\/strong> <em>Regardez ci-dessous notre visite virtuelle.<\/em><\/p>\n\n\n\n<iframe width='853' height='480' src='https:\/\/my.matterport.com\/show\/?m=Bafve7uufyD' frameborder='0' allowfullscreen allow='xr-spatial-tracking'><\/iframe>\n\n\n\n<p>Am\u00e9nag\u00e9 dans une ancienne grange du corps de ferme, le Prieur\u00e9 se compose de 20 chambres individuelles avec salle d&rsquo;eau (douche, lavabo et toilettes). Les 20 chambres doivent \u00eatre lou\u00e9es collectivement :  9 chambres single, 6 chambre lit double (140), 3 chambres de deux lits simples, une  chambre de trois lits simples et une chambre accessible aux personnes handicap\u00e9es. Am\u00e9nagement et \u00e9quipements soign\u00e9s, utilisant des mat\u00e9riaux biosourc\u00e9s.<\/p>\n\n\n\n<p>Les couchages sont faits \u00e0 l&rsquo;arriv\u00e9e. Le linge de maison et de toilette est fourni et le m\u00e9nage de fin de s\u00e9jour est inclus dans le forfait.<\/p>\n\n\n\n<p><\/p>\n\n\n\n<figure class=\"wp-block-gallery has-nested-images columns-default is-cropped wp-block-gallery-1 is-layout-flex wp-block-gallery-is-layout-flex\">\n<figure class=\"wp-block-image size-large\"><img loading=\"lazy\" decoding=\"async\" width=\"771\" height=\"1024\" data-id=\"243\" src=\"https:\/\/ecosite-villarceaux.org\/wp-content\/uploads\/2022\/06\/IMG_20220601_111231-1-771x1024.jpg\" alt=\"\" class=\"wp-image-243\" srcset=\"https:\/\/ecosite-villarceaux.org\/wp-content\/uploads\/2022\/06\/IMG_20220601_111231-1-771x1024.jpg 771w, https:\/\/ecosite-villarceaux.org\/wp-content\/uploads\/2022\/06\/IMG_20220601_111231-1-226x300.jpg 226w, https:\/\/ecosite-villarceaux.org\/wp-content\/uploads\/2022\/06\/IMG_20220601_111231-1-768x1020.jpg 768w, https:\/\/ecosite-villarceaux.org\/wp-content\/uploads\/2022\/06\/IMG_20220601_111231-1-1157x1536.jpg 1157w, https:\/\/ecosite-villarceaux.org\/wp-content\/uploads\/2022\/06\/IMG_20220601_111231-1-1542x2048.jpg 1542w, https:\/\/ecosite-villarceaux.org\/wp-content\/uploads\/2022\/06\/IMG_20220601_111231-1-scaled.jpg 1928w\" sizes=\"auto, (max-width: 771px) 100vw, 771px\" \/><\/figure>\n\n\n\n<figure class=\"wp-block-image size-large\"><img loading=\"lazy\" decoding=\"async\" width=\"771\" height=\"1024\" data-id=\"244\" src=\"https:\/\/ecosite-villarceaux.org\/wp-content\/uploads\/2022\/06\/IMG_20220601_111117-1-771x1024.jpg\" alt=\"\" class=\"wp-image-244\" srcset=\"https:\/\/ecosite-villarceaux.org\/wp-content\/uploads\/2022\/06\/IMG_20220601_111117-1-771x1024.jpg 771w, https:\/\/ecosite-villarceaux.org\/wp-content\/uploads\/2022\/06\/IMG_20220601_111117-1-226x300.jpg 226w, https:\/\/ecosite-villarceaux.org\/wp-content\/uploads\/2022\/06\/IMG_20220601_111117-1-768x1020.jpg 768w, https:\/\/ecosite-villarceaux.org\/wp-content\/uploads\/2022\/06\/IMG_20220601_111117-1-1157x1536.jpg 1157w, https:\/\/ecosite-villarceaux.org\/wp-content\/uploads\/2022\/06\/IMG_20220601_111117-1-1542x2048.jpg 1542w, https:\/\/ecosite-villarceaux.org\/wp-content\/uploads\/2022\/06\/IMG_20220601_111117-1-scaled.jpg 1928w\" sizes=\"auto, (max-width: 771px) 100vw, 771px\" \/><\/figure>\n\n\n\n<figure class=\"wp-block-image size-large\"><img loading=\"lazy\" decoding=\"async\" width=\"771\" height=\"1024\" data-id=\"241\" src=\"https:\/\/ecosite-villarceaux.org\/wp-content\/uploads\/2022\/06\/IMG_20220601_111340-771x1024.jpg\" alt=\"\" class=\"wp-image-241\" srcset=\"https:\/\/ecosite-villarceaux.org\/wp-content\/uploads\/2022\/06\/IMG_20220601_111340-771x1024.jpg 771w, https:\/\/ecosite-villarceaux.org\/wp-content\/uploads\/2022\/06\/IMG_20220601_111340-226x300.jpg 226w, https:\/\/ecosite-villarceaux.org\/wp-content\/uploads\/2022\/06\/IMG_20220601_111340-768x1020.jpg 768w, https:\/\/ecosite-villarceaux.org\/wp-content\/uploads\/2022\/06\/IMG_20220601_111340-1157x1536.jpg 1157w, https:\/\/ecosite-villarceaux.org\/wp-content\/uploads\/2022\/06\/IMG_20220601_111340-1542x2048.jpg 1542w, https:\/\/ecosite-villarceaux.org\/wp-content\/uploads\/2022\/06\/IMG_20220601_111340-scaled.jpg 1928w\" sizes=\"auto, (max-width: 771px) 100vw, 771px\" \/><\/figure>\n\n\n\n<figure class=\"wp-block-image size-large\"><img loading=\"lazy\" decoding=\"async\" width=\"1024\" height=\"771\" data-id=\"242\" src=\"https:\/\/ecosite-villarceaux.org\/wp-content\/uploads\/2022\/06\/IMG_20220601_111433-1024x771.jpg\" alt=\"\" class=\"wp-image-242\" srcset=\"https:\/\/ecosite-villarceaux.org\/wp-content\/uploads\/2022\/06\/IMG_20220601_111433-1024x771.jpg 1024w, https:\/\/ecosite-villarceaux.org\/wp-content\/uploads\/2022\/06\/IMG_20220601_111433-300x226.jpg 300w, https:\/\/ecosite-villarceaux.org\/wp-content\/uploads\/2022\/06\/IMG_20220601_111433-768x578.jpg 768w, https:\/\/ecosite-villarceaux.org\/wp-content\/uploads\/2022\/06\/IMG_20220601_111433-1536x1157.jpg 1536w, https:\/\/ecosite-villarceaux.org\/wp-content\/uploads\/2022\/06\/IMG_20220601_111433-2048x1542.jpg 2048w\" sizes=\"auto, (max-width: 1024px) 100vw, 1024px\" \/><\/figure>\n\n\n\n<figure class=\"wp-block-image size-large\"><img loading=\"lazy\" decoding=\"async\" width=\"771\" height=\"1024\" data-id=\"239\" src=\"https:\/\/ecosite-villarceaux.org\/wp-content\/uploads\/2022\/06\/IMG_20220601_111458-771x1024.jpg\" alt=\"\" class=\"wp-image-239\" srcset=\"https:\/\/ecosite-villarceaux.org\/wp-content\/uploads\/2022\/06\/IMG_20220601_111458-771x1024.jpg 771w, https:\/\/ecosite-villarceaux.org\/wp-content\/uploads\/2022\/06\/IMG_20220601_111458-226x300.jpg 226w, https:\/\/ecosite-villarceaux.org\/wp-content\/uploads\/2022\/06\/IMG_20220601_111458-768x1020.jpg 768w, https:\/\/ecosite-villarceaux.org\/wp-content\/uploads\/2022\/06\/IMG_20220601_111458-1157x1536.jpg 1157w, https:\/\/ecosite-villarceaux.org\/wp-content\/uploads\/2022\/06\/IMG_20220601_111458-1542x2048.jpg 1542w, https:\/\/ecosite-villarceaux.org\/wp-content\/uploads\/2022\/06\/IMG_20220601_111458-scaled.jpg 1928w\" sizes=\"auto, (max-width: 771px) 100vw, 771px\" \/><\/figure>\n\n\n\n<figure class=\"wp-block-image size-large\"><img loading=\"lazy\" decoding=\"async\" width=\"398\" height=\"298\" data-id=\"808\" src=\"https:\/\/ecosite-villarceaux.org\/wp-content\/uploads\/2022\/12\/16-Prieure-chambre-double.jpg\" alt=\"\" class=\"wp-image-808\" srcset=\"https:\/\/ecosite-villarceaux.org\/wp-content\/uploads\/2022\/12\/16-Prieure-chambre-double.jpg 398w, https:\/\/ecosite-villarceaux.org\/wp-content\/uploads\/2022\/12\/16-Prieure-chambre-double-300x225.jpg 300w\" sizes=\"auto, (max-width: 398px) 100vw, 398px\" \/><\/figure>\n<\/figure>\n","protected":false},"excerpt":{"rendered":"<p>Le g\u00eete Le Prieur\u00e9 est un g\u00eete aux normes h\u00f4teli\u00e8res. Dernier n\u00e9 de nos h\u00e9bergements, il r\u00e9pond aux exigences les plus actuelles de l&rsquo;\u00e9co-r\u00e9habilitation et offre un confort parfait pour un s\u00e9jour \u00e0 l&rsquo;Ecosite. Regardez ci-dessous notre visite virtuelle. Am\u00e9nag\u00e9 dans une ancienne grange du corps de ferme, le Prieur\u00e9 se compose de 20 chambres &hellip;<\/p>\n","protected":false},"author":1,"featured_media":0,"parent":0,"menu_order":0,"comment_status":"closed","ping_status":"closed","template":"","meta":{"footnotes":""},"class_list":["post-93","page","type-page","status-publish","hentry"],"_links":{"self":[{"href":"https:\/\/ecosite-villarceaux.org\/index.php\/wp-json\/wp\/v2\/pages\/93","targetHints":{"allow":["GET"]}}],"collection":[{"href":"https:\/\/ecosite-villarceaux.org\/index.php\/wp-json\/wp\/v2\/pages"}],"about":[{"href":"https:\/\/ecosite-villarceaux.org\/index.php\/wp-json\/wp\/v2\/types\/page"}],"author":[{"embeddable":true,"href":"https:\/\/ecosite-villarceaux.org\/index.php\/wp-json\/wp\/v2\/users\/1"}],"replies":[{"embeddable":true,"href":"https:\/\/ecosite-villarceaux.org\/index.php\/wp-json\/wp\/v2\/comments?post=93"}],"version-history":[{"count":19,"href":"https:\/\/ecosite-villarceaux.org\/index.php\/wp-json\/wp\/v2\/pages\/93\/revisions"}],"predecessor-version":[{"id":840,"href":"https:\/\/ecosite-villarceaux.org\/index.php\/wp-json\/wp\/v2\/pages\/93\/revisions\/840"}],"wp:attachment":[{"href":"https:\/\/ecosite-villarceaux.org\/index.php\/wp-json\/wp\/v2\/media?parent=93"}],"curies":[{"name":"wp","href":"https:\/\/api.w.org\/{rel}","templated":true}]}}