{"id":5,"date":"2022-03-09T18:33:13","date_gmt":"2022-03-09T17:33:13","guid":{"rendered":"https:\/\/ecosite-villarceaux.org\/?page_id=5"},"modified":"2025-10-15T20:04:26","modified_gmt":"2025-10-15T18:04:26","slug":"creez-votre-site-avec-des-blocs","status":"publish","type":"page","link":"https:\/\/ecosite-villarceaux.org\/","title":{"rendered":"Ecosite : un s\u00e9jour \u00e9co-responsable"},"content":{"rendered":"\n<p><strong>Parce que s\u00e9journer hors de chez soi au c\u0153ur d\u2019espaces naturels tels que le Vexin Fran\u00e7ais peut \u00eatre un geste \u00e9co-responsable, en venant \u00e0 l\u2019Ecosite de Villarceaux, vous choisirez un site privil\u00e9gi\u00e9 dont le pilier est, depuis plus de 10 ann\u00e9es, le d\u00e9veloppement soutenable.&nbsp;<\/strong><br><strong>Acteur de la <a href=\"http:\/\/bergerie-villarceaux.org\" target=\"_blank\" rel=\"noreferrer noopener\">Bergerie de Villarceaux<\/a>, l&rsquo;Ecosite de Villarceaux s&rsquo;inscrit dans <a href=\"https:\/\/ecosite-villarceaux.org\/index.php\/a-propos-de\/\">l&rsquo;action de la Fondation pour le Progr\u00e8s Humain<\/a>.<\/strong><\/p>\n\n\n\n<figure class=\"wp-block-gallery has-nested-images columns-default is-cropped wp-block-gallery-1 is-layout-flex wp-block-gallery-is-layout-flex\">\n<figure class=\"wp-block-image size-large\"><img loading=\"lazy\" decoding=\"async\" width=\"2560\" height=\"1369\" data-id=\"77\" src=\"https:\/\/ecosite-villarceaux.org\/wp-content\/uploads\/2022\/05\/illustration-bergerie-couleurs-scaled.jpg\" alt=\"\" class=\"wp-image-77\" srcset=\"https:\/\/ecosite-villarceaux.org\/wp-content\/uploads\/2022\/05\/illustration-bergerie-couleurs-scaled.jpg 2560w, https:\/\/ecosite-villarceaux.org\/wp-content\/uploads\/2022\/05\/illustration-bergerie-couleurs-300x160.jpg 300w, https:\/\/ecosite-villarceaux.org\/wp-content\/uploads\/2022\/05\/illustration-bergerie-couleurs-1024x547.jpg 1024w, https:\/\/ecosite-villarceaux.org\/wp-content\/uploads\/2022\/05\/illustration-bergerie-couleurs-768x411.jpg 768w, https:\/\/ecosite-villarceaux.org\/wp-content\/uploads\/2022\/05\/illustration-bergerie-couleurs-1536x821.jpg 1536w, https:\/\/ecosite-villarceaux.org\/wp-content\/uploads\/2022\/05\/illustration-bergerie-couleurs-2048x1095.jpg 2048w\" sizes=\"auto, (max-width: 2560px) 100vw, 2560px\" \/><\/figure>\n\n\n\n<figure class=\"wp-block-image size-full\"><img loading=\"lazy\" decoding=\"async\" width=\"800\" height=\"532\" data-id=\"35\" src=\"https:\/\/ecosite-villarceaux.org\/wp-content\/uploads\/2022\/04\/20130215132742-600794e8.jpg\" alt=\"\" class=\"wp-image-35\" srcset=\"https:\/\/ecosite-villarceaux.org\/wp-content\/uploads\/2022\/04\/20130215132742-600794e8.jpg 800w, https:\/\/ecosite-villarceaux.org\/wp-content\/uploads\/2022\/04\/20130215132742-600794e8-300x200.jpg 300w, https:\/\/ecosite-villarceaux.org\/wp-content\/uploads\/2022\/04\/20130215132742-600794e8-768x511.jpg 768w\" sizes=\"auto, (max-width: 800px) 100vw, 800px\" \/><\/figure>\n<\/figure>\n\n\n\n<p><strong>A l\u2019Ecosite de Villarceaux, nous vous proposons diff\u00e9rents types d\u2019h\u00e9bergement tous plac\u00e9s sous le signe de l&rsquo;\u00e9co-responsabilit\u00e9. Deux g\u00eetes de groupe (dont un <strong> aux normes h\u00f4teli\u00e8res<\/strong>), sept g\u00eetes ruraux familiaux, nous pouvons accueillir toutes et tous. <\/strong><\/p>\n\n\n\n<p><strong>L\u2019Ecosite de Villarceaux peut \u00eatre privatis\u00e9 jusqu&rsquo;\u00e0 une centaine d&rsquo;invit\u00e9s afin de permettre l\u2019organisation de s\u00e9minaires, r\u00e9ceptions ou mariage sur un seul et m\u00eame lieu, incluant la restauration et l\u2019h\u00e9bergement dans un m\u00eame espace.<\/strong><\/p>\n\n\n\n<p><strong>Accompagn\u00e9 d\u2019un&nbsp;service de restauration cuisinant des produits bio et de salles de r\u00e9union de tous formats, nos clients peuvent, \u00e0 Villarceaux, disposer d\u2019un service complet int\u00e9grant les besoins de tous les types d\u2019\u00e9v\u00e9nements, s\u00e9minaires, mariage etc.<\/strong><\/p>\n\n\n\n<p><\/p>\n\n\n\n<p>L\u2019Ecosite de Villarceaux est log\u00e9 au sein de la <a href=\"http:\/\/bergerie-villarceaux.org\"><strong>Bergerie de Villarceaux<\/strong><\/a>, propri\u00e9t\u00e9&nbsp;de la <a href=\"https:\/\/www.fph.ch\/\"><strong>Fondation pour le Progr\u00e8s Humain<\/strong><\/a>. L\u2019ensemble s\u2019inscrit dans le cadre d\u2019un d\u00e9veloppement \u00e9co-responsable qui pr\u00e9side aux destin\u00e9es de ce lieu pr\u00e9serv\u00e9.<\/p>\n\n\n\n<p>Ancienne d\u00e9pendance des&nbsp;ch\u00e2teaux de Villarceaux, le lieu est constitu\u00e9 d\u2019un vaste corps de ferme au centre d\u2019un domaine de 800 ha. La Bergerie de Villarceaux abrite de nombreuses activit\u00e9s agricoles, mara\u00eech\u00e8res et foresti\u00e8res, toutes plac\u00e9es sous le signe du bio ainsi que des activit\u00e9s d\u2019organisation de s\u00e9minaires, d\u2019accueil et d\u2019h\u00e9bergement de tous types.&nbsp;<\/p>\n\n\n\n<figure class=\"wp-block-image size-full\"><img loading=\"lazy\" decoding=\"async\" width=\"933\" height=\"700\" src=\"https:\/\/ecosite-villarceaux.org\/wp-content\/uploads\/2025\/10\/Pergola-ecosite.jpg\" alt=\"\" class=\"wp-image-929\" srcset=\"https:\/\/ecosite-villarceaux.org\/wp-content\/uploads\/2025\/10\/Pergola-ecosite.jpg 933w, https:\/\/ecosite-villarceaux.org\/wp-content\/uploads\/2025\/10\/Pergola-ecosite-300x225.jpg 300w, https:\/\/ecosite-villarceaux.org\/wp-content\/uploads\/2025\/10\/Pergola-ecosite-768x576.jpg 768w\" sizes=\"auto, (max-width: 933px) 100vw, 933px\" \/><\/figure>\n\n\n\n<figure class=\"wp-block-gallery has-nested-images columns-default is-cropped wp-block-gallery-2 is-layout-flex wp-block-gallery-is-layout-flex\">\n<figure class=\"wp-block-image size-full\"><a href=\"https:\/\/ecosite-villarceaux.org\/wp-content\/uploads\/2022\/04\/Vue-cour.jpg\"><img loading=\"lazy\" decoding=\"async\" width=\"792\" height=\"526\" data-id=\"27\" src=\"https:\/\/ecosite-villarceaux.org\/wp-content\/uploads\/2022\/04\/Vue-cour.jpg\" alt=\"\" class=\"wp-image-27\" srcset=\"https:\/\/ecosite-villarceaux.org\/wp-content\/uploads\/2022\/04\/Vue-cour.jpg 792w, https:\/\/ecosite-villarceaux.org\/wp-content\/uploads\/2022\/04\/Vue-cour-300x199.jpg 300w, https:\/\/ecosite-villarceaux.org\/wp-content\/uploads\/2022\/04\/Vue-cour-768x510.jpg 768w\" sizes=\"auto, (max-width: 792px) 100vw, 792px\" \/><\/a><\/figure>\n<\/figure>\n\n\n\n<p>Au sein du Vexin Fran\u00e7ais, \u00e0 60 km de Paris dans une nature environnante de bois et de cultures, le site d\u2019h\u00e9bergement a \u00e9t\u00e9 enti\u00e8rement \u00e9co-r\u00e9habilit\u00e9, en utilisant les techniques et technologies respectueuses et peu \u00e9mettrices de gaz \u00e0 effet de serre. Ecosite souhaite \u00eatre un exemple en termes de gestion sobre et durable. Les milliers de m\u00b2 de b\u00e2timents disponibles ont permis de cr\u00e9er une offre d\u2019h\u00e9bergement multi-format adapt\u00e9e \u00e0 tous les besoins. Week-end familial, s\u00e9minaire d\u2019entreprise ou mariage, l\u2019Ecosite de Villarceaux saura r\u00e9pondre \u00e0 toutes vos requ\u00eates.<\/p>\n\n\n\n<p>Du g\u00eete rural familial de 2 \u00e0 8 personnes jusqu\u2019\u00e0 l\u2019h\u00e9bergement de groupe de 60 personnes, l\u2019Ecosite de Villarceaux vous propose une tr\u00e8s large palette de services.&nbsp;<\/p>\n\n\n\n<figure class=\"wp-block-gallery has-nested-images columns-default is-cropped wp-block-gallery-3 is-layout-flex wp-block-gallery-is-layout-flex\">\n<figure class=\"wp-block-image size-full\"><a href=\"https:\/\/ecosite-villarceaux.org\/wp-content\/uploads\/2025\/10\/Accueil-arrivee.jpg\"><img loading=\"lazy\" decoding=\"async\" width=\"1008\" height=\"567\" data-id=\"938\" src=\"https:\/\/ecosite-villarceaux.org\/wp-content\/uploads\/2025\/10\/Accueil-arrivee.jpg\" alt=\"\" class=\"wp-image-938\" srcset=\"https:\/\/ecosite-villarceaux.org\/wp-content\/uploads\/2025\/10\/Accueil-arrivee.jpg 1008w, https:\/\/ecosite-villarceaux.org\/wp-content\/uploads\/2025\/10\/Accueil-arrivee-300x169.jpg 300w, https:\/\/ecosite-villarceaux.org\/wp-content\/uploads\/2025\/10\/Accueil-arrivee-768x432.jpg 768w\" sizes=\"auto, (max-width: 1008px) 100vw, 1008px\" \/><\/a><\/figure>\n\n\n\n<figure class=\"wp-block-image size-full\"><a href=\"https:\/\/ecosite-villarceaux.org\/wp-content\/uploads\/2025\/10\/Accueil-3.jpg\"><img loading=\"lazy\" decoding=\"async\" width=\"1008\" height=\"567\" data-id=\"939\" src=\"https:\/\/ecosite-villarceaux.org\/wp-content\/uploads\/2025\/10\/Accueil-3.jpg\" alt=\"\" class=\"wp-image-939\" srcset=\"https:\/\/ecosite-villarceaux.org\/wp-content\/uploads\/2025\/10\/Accueil-3.jpg 1008w, https:\/\/ecosite-villarceaux.org\/wp-content\/uploads\/2025\/10\/Accueil-3-300x169.jpg 300w, https:\/\/ecosite-villarceaux.org\/wp-content\/uploads\/2025\/10\/Accueil-3-768x432.jpg 768w\" sizes=\"auto, (max-width: 1008px) 100vw, 1008px\" \/><\/a><\/figure>\n<figcaption class=\"blocks-gallery-caption wp-element-caption\">L&rsquo;accueil. Jennifer et Guylaine sont l\u00e0 pour vous aider et vous guider.<\/figcaption><\/figure>\n\n\n\n<h3 class=\"wp-block-heading\" id=\"les-valeurs\">Les valeurs<\/h3>\n\n\n\n<p><strong>Etre \u00e9co-responsable, c\u2019est \u00e9galement d\u00e9velopper des valeurs de bien-\u00eatre au travail et de bienveillance.&nbsp;<\/strong>Ecosite est pr\u00e9sid\u00e9e par Paul Dehay. Le conseil d\u2019administration, compos\u00e9 de 6 administrateurs, est nomm\u00e9 par cooptation.<\/p>\n\n\n\n<p>L\u2019\u00e9quipe d\u2019Ecosite, compos\u00e9e d\u2019une dizaine de personnes, a d\u00e9cid\u00e9 de mettre en \u0153uvre une gestion coll\u00e9giale qui permet de g\u00e9rer au plus pr\u00e8s des r\u00e9alit\u00e9s du terrain. Vous rencontrerez certainement au cours de votre s\u00e9jour Jennifer, Nathalie, Guylaine, Gregory ou Laurent\u2026 Tous s\u2019attacheront \u00e0 rendre votre s\u00e9jour agr\u00e9able et inoubliable.<\/p>\n\n\n\n<p><strong>NB \u00e0 l&rsquo;attention de nos amis randonneurs<\/strong> : l&rsquo;h\u00e9bergement en bivouac n&rsquo;est plus propos\u00e9 par l&rsquo;Ecosite de Villarceaux depuis le 1 janvier 2023.<\/p>\n","protected":false},"excerpt":{"rendered":"<p>Parce que s\u00e9journer hors de chez soi au c\u0153ur d\u2019espaces naturels tels que le Vexin Fran\u00e7ais peut \u00eatre un geste \u00e9co-responsable, en venant \u00e0 l\u2019Ecosite de Villarceaux, vous choisirez un site privil\u00e9gi\u00e9 dont le pilier est, depuis plus de 10 ann\u00e9es, le d\u00e9veloppement soutenable.&nbsp;Acteur de la Bergerie de Villarceaux, l&rsquo;Ecosite de Villarceaux s&rsquo;inscrit dans l&rsquo;action &hellip;<\/p>\n","protected":false},"author":1,"featured_media":0,"parent":0,"menu_order":0,"comment_status":"closed","ping_status":"closed","template":"","meta":{"footnotes":""},"class_list":["post-5","page","type-page","status-publish","hentry"],"_links":{"self":[{"href":"https:\/\/ecosite-villarceaux.org\/index.php\/wp-json\/wp\/v2\/pages\/5","targetHints":{"allow":["GET"]}}],"collection":[{"href":"https:\/\/ecosite-villarceaux.org\/index.php\/wp-json\/wp\/v2\/pages"}],"about":[{"href":"https:\/\/ecosite-villarceaux.org\/index.php\/wp-json\/wp\/v2\/types\/page"}],"author":[{"embeddable":true,"href":"https:\/\/ecosite-villarceaux.org\/index.php\/wp-json\/wp\/v2\/users\/1"}],"replies":[{"embeddable":true,"href":"https:\/\/ecosite-villarceaux.org\/index.php\/wp-json\/wp\/v2\/comments?post=5"}],"version-history":[{"count":64,"href":"https:\/\/ecosite-villarceaux.org\/index.php\/wp-json\/wp\/v2\/pages\/5\/revisions"}],"predecessor-version":[{"id":940,"href":"https:\/\/ecosite-villarceaux.org\/index.php\/wp-json\/wp\/v2\/pages\/5\/revisions\/940"}],"wp:attachment":[{"href":"https:\/\/ecosite-villarceaux.org\/index.php\/wp-json\/wp\/v2\/media?parent=5"}],"curies":[{"name":"wp","href":"https:\/\/api.w.org\/{rel}","templated":true}]}}

Ecosite : un séjour éco-responsable

<p><strong>Parce que séjourner hors de chez soi au cœur d’espaces naturels tels que le Vexin Français peut être un geste éco-responsable, en venant à l’Ecosite de Villarceaux, vous choisirez un site privilégié dont le pilier est, depuis plus de 10 années, le développement soutenable.&nbsp;</strong><br><strong>Acteur de la <a href="http://bergerie-villarceaux.org" target="_blank" rel="noreferrer noopener">Bergerie de Villarceaux</a>, l&rsquo;Ecosite de Villarceaux s&rsquo;inscrit dans <a href="https://ecosite-villarceaux.org/index.php/a-propos-de/">l&rsquo;action de la Fondation pour le Progrès Humain</a>.</strong></p>



<figure class="wp-block-gallery has-nested-images columns-default is-cropped wp-block-gallery-1 is-layout-flex wp-block-gallery-is-layout-flex">
<figure class="wp-block-image size-large"><img loading="lazy" decoding="async" width="2560" height="1369" data-id="77" src="https://ecosite-villarceaux.org/wp-content/uploads/2022/05/illustration-bergerie-couleurs-scaled.jpg" alt="" class="wp-image-77" srcset="https://ecosite-villarceaux.org/wp-content/uploads/2022/05/illustration-bergerie-couleurs-scaled.jpg 2560w, https://ecosite-villarceaux.org/wp-content/uploads/2022/05/illustration-bergerie-couleurs-300x160.jpg 300w, https://ecosite-villarceaux.org/wp-content/uploads/2022/05/illustration-bergerie-couleurs-1024x547.jpg 1024w, https://ecosite-villarceaux.org/wp-content/uploads/2022/05/illustration-bergerie-couleurs-768x411.jpg 768w, https://ecosite-villarceaux.org/wp-content/uploads/2022/05/illustration-bergerie-couleurs-1536x821.jpg 1536w, https://ecosite-villarceaux.org/wp-content/uploads/2022/05/illustration-bergerie-couleurs-2048x1095.jpg 2048w" sizes="auto, (max-width: 2560px) 100vw, 2560px" /></figure>



<figure class="wp-block-image size-full"><img loading="lazy" decoding="async" width="800" height="532" data-id="35" src="https://ecosite-villarceaux.org/wp-content/uploads/2022/04/20130215132742-600794e8.jpg" alt="" class="wp-image-35" srcset="https://ecosite-villarceaux.org/wp-content/uploads/2022/04/20130215132742-600794e8.jpg 800w, https://ecosite-villarceaux.org/wp-content/uploads/2022/04/20130215132742-600794e8-300x200.jpg 300w, https://ecosite-villarceaux.org/wp-content/uploads/2022/04/20130215132742-600794e8-768x511.jpg 768w" sizes="auto, (max-width: 800px) 100vw, 800px" /></figure>
</figure>



<p><strong>A l’Ecosite de Villarceaux, nous vous proposons différents types d’hébergement tous placés sous le signe de l&rsquo;éco-responsabilité. Deux gîtes de groupe (dont un <strong> aux normes hôtelières</strong>), sept gîtes ruraux familiaux, nous pouvons accueillir toutes et tous. </strong></p>



<p><strong>L’Ecosite de Villarceaux peut être privatisé jusqu&rsquo;à une centaine d&rsquo;invités afin de permettre l’organisation de séminaires, réceptions ou mariage sur un seul et même lieu, incluant la restauration et l’hébergement dans un même espace.</strong></p>



<p><strong>Accompagné d’un&nbsp;service de restauration cuisinant des produits bio et de salles de réunion de tous formats, nos clients peuvent, à Villarceaux, disposer d’un service complet intégrant les besoins de tous les types d’événements, séminaires, mariage etc.</strong></p>



<p></p>



<p>L’Ecosite de Villarceaux est logé au sein de la <a href="http://bergerie-villarceaux.org"><strong>Bergerie de Villarceaux</strong></a>, propriété&nbsp;de la <a href="https://www.fph.ch/"><strong>Fondation pour le Progrès Humain</strong></a>. L’ensemble s’inscrit dans le cadre d’un développement éco-responsable qui préside aux destinées de ce lieu préservé.</p>



<p>Ancienne dépendance des&nbsp;châteaux de Villarceaux, le lieu est constitué d’un vaste corps de ferme au centre d’un domaine de 800 ha. La Bergerie de Villarceaux abrite de nombreuses activités agricoles, maraîchères et forestières, toutes placées sous le signe du bio ainsi que des activités d’organisation de séminaires, d’accueil et d’hébergement de tous types.&nbsp;</p>



<figure class="wp-block-image size-full"><img loading="lazy" decoding="async" width="933" height="700" src="https://ecosite-villarceaux.org/wp-content/uploads/2025/10/Pergola-ecosite.jpg" alt="" class="wp-image-929" srcset="https://ecosite-villarceaux.org/wp-content/uploads/2025/10/Pergola-ecosite.jpg 933w, https://ecosite-villarceaux.org/wp-content/uploads/2025/10/Pergola-ecosite-300x225.jpg 300w, https://ecosite-villarceaux.org/wp-content/uploads/2025/10/Pergola-ecosite-768x576.jpg 768w" sizes="auto, (max-width: 933px) 100vw, 933px" /></figure>



<figure class="wp-block-gallery has-nested-images columns-default is-cropped wp-block-gallery-2 is-layout-flex wp-block-gallery-is-layout-flex">
<figure class="wp-block-image size-full"><a href="https://ecosite-villarceaux.org/wp-content/uploads/2022/04/Vue-cour.jpg"><img loading="lazy" decoding="async" width="792" height="526" data-id="27" src="https://ecosite-villarceaux.org/wp-content/uploads/2022/04/Vue-cour.jpg" alt="" class="wp-image-27" srcset="https://ecosite-villarceaux.org/wp-content/uploads/2022/04/Vue-cour.jpg 792w, https://ecosite-villarceaux.org/wp-content/uploads/2022/04/Vue-cour-300x199.jpg 300w, https://ecosite-villarceaux.org/wp-content/uploads/2022/04/Vue-cour-768x510.jpg 768w" sizes="auto, (max-width: 792px) 100vw, 792px" /></a></figure>
</figure>



<p>Au sein du Vexin Français, à 60 km de Paris dans une nature environnante de bois et de cultures, le site d’hébergement a été entièrement éco-réhabilité, en utilisant les techniques et technologies respectueuses et peu émettrices de gaz à effet de serre. Ecosite souhaite être un exemple en termes de gestion sobre et durable. Les milliers de m² de bâtiments disponibles ont permis de créer une offre d’hébergement multi-format adaptée à tous les besoins. Week-end familial, séminaire d’entreprise ou mariage, l’Ecosite de Villarceaux saura répondre à toutes vos requêtes.</p>



<p>Du gîte rural familial de 2 à 8 personnes jusqu’à l’hébergement de groupe de 60 personnes, l’Ecosite de Villarceaux vous propose une très large palette de services.&nbsp;</p>



<figure class="wp-block-gallery has-nested-images columns-default is-cropped wp-block-gallery-3 is-layout-flex wp-block-gallery-is-layout-flex">
<figure class="wp-block-image size-full"><a href="https://ecosite-villarceaux.org/wp-content/uploads/2025/10/Accueil-arrivee.jpg"><img loading="lazy" decoding="async" width="1008" height="567" data-id="938" src="https://ecosite-villarceaux.org/wp-content/uploads/2025/10/Accueil-arrivee.jpg" alt="" class="wp-image-938" srcset="https://ecosite-villarceaux.org/wp-content/uploads/2025/10/Accueil-arrivee.jpg 1008w, https://ecosite-villarceaux.org/wp-content/uploads/2025/10/Accueil-arrivee-300x169.jpg 300w, https://ecosite-villarceaux.org/wp-content/uploads/2025/10/Accueil-arrivee-768x432.jpg 768w" sizes="auto, (max-width: 1008px) 100vw, 1008px" /></a></figure>



<figure class="wp-block-image size-full"><a href="https://ecosite-villarceaux.org/wp-content/uploads/2025/10/Accueil-3.jpg"><img loading="lazy" decoding="async" width="1008" height="567" data-id="939" src="https://ecosite-villarceaux.org/wp-content/uploads/2025/10/Accueil-3.jpg" alt="" class="wp-image-939" srcset="https://ecosite-villarceaux.org/wp-content/uploads/2025/10/Accueil-3.jpg 1008w, https://ecosite-villarceaux.org/wp-content/uploads/2025/10/Accueil-3-300x169.jpg 300w, https://ecosite-villarceaux.org/wp-content/uploads/2025/10/Accueil-3-768x432.jpg 768w" sizes="auto, (max-width: 1008px) 100vw, 1008px" /></a></figure>
<figcaption class="blocks-gallery-caption wp-element-caption">L&rsquo;accueil. Jennifer et Guylaine sont là pour vous aider et vous guider.</figcaption></figure>



<h3 class="wp-block-heading" id="les-valeurs">Les valeurs</h3>



<p><strong>Etre éco-responsable, c’est également développer des valeurs de bien-être au travail et de bienveillance.&nbsp;</strong>Ecosite est présidée par Paul Dehay. Le conseil d’administration, composé de 6 administrateurs, est nommé par cooptation.</p>



<p>L’équipe d’Ecosite, composée d’une dizaine de personnes, a décidé de mettre en œuvre une gestion collégiale qui permet de gérer au plus près des réalités du terrain. Vous rencontrerez certainement au cours de votre séjour Jennifer, Nathalie, Guylaine, Gregory ou Laurent… Tous s’attacheront à rendre votre séjour agréable et inoubliable.</p>



<p><strong>NB à l&rsquo;attention de nos amis randonneurs</strong> : l&rsquo;hébergement en bivouac n&rsquo;est plus proposé par l&rsquo;Ecosite de Villarceaux depuis le 1 janvier 2023.</p>

<p>Parce que séjourner hors de chez soi au cœur d’espaces naturels tels que le Vexin Français peut être un geste éco-responsable, en venant à l’Ecosite de Villarceaux, vous choisirez un site privilégié dont le pilier est, depuis plus de 10 années, le développement soutenable.&nbsp;Acteur de la Bergerie de Villarceaux, l&rsquo;Ecosite de Villarceaux s&rsquo;inscrit dans l&rsquo;action &hellip;</p>
